at are the prime factors of 769677?
3, 173, 1483
List the prime factors of 319133.
319133
List the prime factors of 38335.
5, 11, 17, 41
List the prime factors of 438728.
2, 173, 317
List the prime factors of 27249626.
2, 229, 59497
List the prime factors of 58474.
2, 13, 173
List the prime factors of 357217.
7, 51031
What are the prime factors of 4212692?
2, 11, 67, 1429
List the prime factors of 4042239.
3, 1347413
List the prime factors of 861004.
2, 19, 11329
List the prime factors of 4867790.
2, 5, 47, 10357
What are the prime factors of 726805?
5, 145361
List the prime factors of 1377015.
3, 5, 91801
List the prime factors of 261622.
2, 130811
List the prime factors of 802024.
2, 29, 3457
List the prime factors of 852164.
2, 163, 1307
List the prime factors of 13086503.
41, 319183
List the prime factors of 604472.
2, 11, 6869
What are the prime factors of 1490548?
2, 372637
What are the prime factors of 2843819?
11, 263, 983
List the prime factors of 4605555.
3, 5, 17, 18061
List the prime factors of 105607.
105607
What are the prime factors of 1751224?
2, 457, 479
List the prime factors of 6534365.
5, 1306873
List the prime factors of 344538.
2, 3, 19141
List the prime factors of 422295.
3, 5, 47, 599
What are the prime factors of 8374341?
3, 73, 38239
List the prime factors of 30806413.
11, 2800583
List the prime factors of 371042.
2, 7, 17, 1559
What are the prime factors of 23971464?
2, 3, 11, 19, 59
What are the prime factors of 263850?
2, 3, 5, 1759
What are the prime factors of 698755?
5, 29, 61, 79
List the prime factors of 3766977.
3, 418553
List the prime factors of 308837.
47, 6571
What are the prime factors of 6165336?
2, 3, 256889
What are the prime factors of 26687?
26687
List the prime factors of 10451946.
2, 3, 977, 1783
List the prime factors of 23131574.
2, 11565787
List the prime factors of 2228806.
2, 37, 30119
List the prime factors of 709028.
2, 177257
List the prime factors of 483731.
53, 9127
List the prime factors of 11014652.
2, 11, 167, 1499
What are the prime factors of 9727084?
2, 613, 3967
What are the prime factors of 3455968?
2, 107999
What are the prime factors of 335809?
335809
List the prime factors of 7906586.
2, 3953293
What are the prime factors of 300104?
2, 7, 23, 233
List the prime factors of 5255026.
2, 7, 375359
What are the prime factors of 7040371?
13, 41659
List the prime factors of 1104261.
3, 19, 19373
What are the prime factors of 13181835?
3, 5, 878789
List the prime factors of 10155860.
2, 5, 11, 13, 53, 67
List the prime factors of 3309063.
3, 67, 101, 163
What are the prime factors of 12995209?
467, 27827
What are the prime factors of 705055?
5, 13, 10847
List the prime factors of 521585.
5, 73, 1429
What are the prime factors of 718519?
61, 11779
What are the prime factors of 38955?
3, 5, 7, 53
What are the prime factors of 5185400?
2, 5, 11, 2357
List the prime factors of 1108011.
3, 269, 1373
What are the prime factors of 1132966?
2, 643, 881
List the prime factors of 15308045.
5, 3061609
What are the prime factors of 706590?
2, 3, 5, 2617
List the prime factors of 1066541.
7, 152363
List the prime factors of 1417487.
1417487
What are the prime factors of 24476390?
2, 5, 617, 3967
What are the prime factors of 243407?
401, 607
List the prime factors of 4728272.
2, 295517
What are the prime factors of 3866185?
5, 23, 33619
What are the prime factors of 26069?
131, 199
What are the prime factors of 14467?
17, 23, 37
List the prime factors of 935316.
2, 3, 25981
What are the prime factors of 155387?
155387
List the prime factors of 767417.
7, 37, 2963
List the prime factors of 1623748.
2, 7, 57991
What are the prime factors of 375571?
7, 53653
What are the prime factors of 3071537?
7, 227, 1933
List the prime factors of 6073.
6073
What are the prime factors of 2982649?
2982649
List the prime factors of 5090621.
5090621
What are the prime factors of 265127?
47, 5641
List the prime factors of 3112752.
2, 3, 64849
What are the prime factors of 3828046?
2, 1914023
List the prime factors of 771114.
2, 3, 128519
What are the prime factors of 170859?
3, 13, 337
List the prime factors of 453904.
2, 11, 2579
What are the prime factors of 326776?
2, 40847
List the prime factors of 1779354.
2, 3, 83, 397
List the prime factors of 98814.
2, 3, 43, 383
What are the prime factors of 138228?
2, 3, 11519
List the prime factors of 4269552.
2, 3, 7, 97, 131
List the prime factors of 6381765.
3, 5, 13, 10909
What are the prime factors of 152909?
152909
List the prime factors of 59918.
2, 29959
What are the prime factors of 10780859?
23, 73, 6421
What are the prime factors of 467436?
2, 3, 38953
List the prime factors of 1262534.
2, 7, 13, 991
What are the prime factors of 6706421?
6706421
What are the prime factors of 2351217?
3, 11, 71249
What are the prime factors of 400415?
5, 53, 1511
List the prime factors of 956519.
73, 13103
What are the prime factors of 9275529?
3, 281, 11003
What are the prime factors of 298008?
2, 3, 4139
What are the prime factors of 4497410?
2, 5, 449741
What are the prime factors of 34346826?
2, 3, 1908157
List the prime factors of 315336.
2, 3, 7, 1877
List the prime factors of 237658.
2, 331, 359
List the prime factors of 8599836.
2, 3, 7, 37, 2767
What are the prime factors of 10874535?
3, 5, 7, 103567
What are the prime factors of 5487665?
5, 1097533
What are the prime factors of 835282?
2, 7, 59663
List the prime factors of 1491023.
61, 24443
List the prime factors of 2812056.
2, 3, 13, 9013
List the prime factors of 55919.
199, 281
What are the prime factors of 31032420?
2, 3, 5, 517207
What are the prime factors of 207944?
2, 11, 17, 139
List the prime factors of 84.
2, 3, 7
List the prime factors of 794976.
2, 3, 7, 13
List the prime factors of 21600421.
17, 109, 11657
List the prime factors of 372263.
372263
What are the prime factors of 14181148?
2, 3545287
What are the prime factors of 1784521?
419, 4259
List the prime factors of 44670.
2, 3, 5, 1489
What are the prime factors of 4992515?
5, 11, 43, 2111
What are the prime factors of 17990554?
2, 23, 41, 9539
What are the prime factors of 1028607?
3, 342869
List the prime factors of 26823267.
3, 23, 129581
What are the prime factors of 17612047?
71, 248057
What are the prime factors of 318806?
2, 159403
List the prime factors of 30506460.
2, 3, 5, 41, 12401
What are the prime factors of 1175428?
2, 29, 10133
What are the prime factors of 3199381?
223, 14347
What are the prime factors of 535978?
2, 29, 9241
What are the prime factors of 1496659?
557, 2687
List the prime factors of 1457635.
5, 401, 727
List the prime factors of 6333654.
2, 3, 1055609
List the prime factors of 151097.
61, 2477
List the prime factors of 405342.
2, 3, 7, 3217
What are the prime factors of 222159?
3, 7, 71, 149
List the prime factors of 472256.
2, 47, 157
List the prime factors of 33911307.
3, 3767923
What are the prime factors of 33345?
3, 5, 13, 19
What are the prime factors of 122265?
3, 5, 11, 13, 19
List the prime factors of 5129771.
43, 119297
List the prime factors of 421815.
3, 5, 61, 461
What are the prime factors of 920423?
7, 131489
List the prime factors of 777630.
2, 3, 5, 7, 23
List the prime factors of 888675.
3, 5, 17, 41
List the prime factors of 178410.
2, 3, 5, 19, 313
What are the prime factors of 21980895?
3, 5, 1465393
What are the prime factors of 2408522?
2, 197, 6113
List the prime factors of 697433.
11, 19, 47, 71
What are the prime factors of 26129142?
2, 3, 13, 19, 653
What are the prime factors of 163816?
2, 20477
List the prime factors of 2028257.
7, 11, 53, 71
List the prime factors of 209307.
3, 7, 9967
List the prime factors of 33629268.
2, 3, 43, 65173
List the prime factors of 2911623.
3, 11, 13, 617
List the prime factors of 1430913.
3, 11, 131, 331
What are the prime factors of 93784?
2, 19, 617
List the prime factors of 988607.
988607
List the prime factors of 3071632.
2, 191977
List the prime factors of 9365050.
2, 5, 157, 1193
List the prime factors of 7292603.
823, 8861
What are the prime factors of 925227?
3, 223, 461
List the prime factors of 593933.
593933
List the prime factors of 651082.
2, 325541
List the prime factors of 14481781.
19, 47, 16217
What are the prime factors of 32957?
329